{"id":2352,"date":"2025-03-30T22:02:51","date_gmt":"2025-03-30T20:02:51","guid":{"rendered":"https:\/\/www.maticsasa.com\/wps\/?page_id=2352"},"modified":"2025-03-30T22:05:21","modified_gmt":"2025-03-30T20:05:21","slug":"kad-prode-sve","status":"publish","type":"page","link":"https:\/\/www.maticsasa.com\/wps\/kad-prode-sve\/","title":{"rendered":"Kad pro\u0111e sve"},"content":{"rendered":"\t\t<div data-elementor-type=\"wp-page\" data-elementor-id=\"2352\" class=\"elementor elementor-2352\">\n\t\t\t\t<div class=\"elementor-element elementor-element-3a7afbe e-flex e-con-boxed e-con e-parent\" data-id=\"3a7afbe\" data-element_type=\"container\" data-e-type=\"container\" data-settings=\"{&quot;background_background&quot;:&quot;classic&quot;}\">\n\t\t\t\t\t<div class=\"e-con-inner\">\n\t\t\t\t<div class=\"elementor-element elementor-element-943982a elementor-widget elementor-widget-video\" data-id=\"943982a\" data-element_type=\"widget\" data-e-type=\"widget\" data-settings=\"{&quot;youtube_url&quot;:&quot;https:\\\/\\\/www.youtube.com\\\/watch?v=5qjDSzs55ao&quot;,&quot;video_type&quot;:&quot;youtube&quot;,&quot;controls&quot;:&quot;yes&quot;}\" data-widget_type=\"video.default\">\n\t\t\t\t<div class=\"elementor-widget-container\">\n\t\t\t\t\t\t\t<div class=\"elementor-wrapper elementor-open-inline\">\n\t\t\t<div class=\"elementor-video\"><\/div>\t\t<\/div>\n\t\t\t\t\t\t<\/div>\n\t\t\t\t<\/div>\n\t\t\t\t<div class=\"elementor-element elementor-element-8899e3c elementor-widget elementor-widget-heading\" data-id=\"8899e3c\" data-element_type=\"widget\" data-e-type=\"widget\" data-widget_type=\"heading.default\">\n\t\t\t\t<div class=\"elementor-widget-container\">\n\t\t\t\t\t<h2 class=\"elementor-heading-title elementor-size-default\">Kad pro\u0111e sve<\/h2>\t\t\t\t<\/div>\n\t\t\t\t<\/div>\n\t\t\t\t<div class=\"elementor-element elementor-element-df26d98 elementor-widget elementor-widget-text-editor\" data-id=\"df26d98\" data-element_type=\"widget\" data-e-type=\"widget\" data-widget_type=\"text-editor.default\">\n\t\t\t\t<div class=\"elementor-widget-container\">\n\t\t\t\t\t\t\t\t\t<div class=\"elementor-element elementor-element-6c185ef elementor-widget elementor-widget-text-editor\" data-id=\"6c185ef\" data-element_type=\"widget\" data-widget_type=\"text-editor.default\"><div class=\"elementor-widget-container\"><div><div>Samo da si posle svega dobro<\/div><div>Ja jo\u0161 uvek \u010duvam u sebi<\/div><div>Ono \u0161to ti nikad nisam dao<\/div><div>I \u0161to rekao ti nisam, ne bledi<\/div><div>[Pred-Refren]<\/div><div>Da je ljubav to, to, to<\/div><div>Ne, ja nisam tada video<\/div><div>Od onog dana kad umro sam u tebi<\/div><div>Vi\u0161e nisam se ni rodio<\/div><div>[Refren]<\/div><div>Kad pro\u0111e sve, kad odu svi<\/div><div>Ja \u0107u te zvati, Ja \u0107u te zvati<\/div><div>Kad pro\u0111e sve, i\u00a0\u017eivot kad te drugom da<\/div><div>Nek mi se vrati,\u00a0Nek mi se vrati<\/div><div>Svaka moja izdaja<\/div><div>[Strofa 2]<\/div><div>Samo da se negde budi\u0161 sre\u0107na<\/div><div>Dugo molio sam se u sebi<\/div><div>Ovo se\u0107anje na dane s tobom<\/div><div>To je jedino \u0161to imam i \u0161to vredi<\/div><div>\u00a0<\/div><div>[Pred-Refren]<\/div><div>Da je ljubav to, to, to<\/div><div>Ne, ja nisam tada video<\/div><div>Od onog dana kad umro sam u tebi<\/div><div>Vi\u0161e nisam se ni rodio<\/div><div>[Refren]<\/div><div>Kad pro\u0111\u0435 sve, Kad odu svi<\/div><div>Ja \u0107u te zvati,\u00a0Ja \u0107u te zvati<\/div><div>Kad pro\u0111\u0435 sve,\u00a0I \u017eivot kad te drugom da<\/div><div>Nek mi se vrati,\u00a0Nek mi se vrati<\/div><div>Svaka moja izdaja<\/div><div>[Prelaz]<\/div><div>Jer \u0161ta \u0107e mi sre\u0107a, kada svaki me osmeh boli kao suza<\/div><div>I \u0161ta \u0107e mi ljubav, kada srcu mi vi\u0161e nije pri\u0161la druga<\/div><div>I tako \u017eivim dan po dan, al\u2019 te du\u0161a ne zaboravlja<\/div><div>To najte\u017ee je<\/div><div>[Refren]<\/div><div>Kad pro\u0111e sve,\u00a0Kad odu svi<\/div><div>Ja \u0107u te zvati,\u00a0Ja \u0107u te zvati<\/div><div>Kad pro\u0111e sve\u00a0I \u017eivot kad te drugom da<\/div><div>Nek mi se vrati,\u00a0Nek mi se vrati<\/div><div>Svaka moja izdaja<\/div><\/div><\/div><\/div>\t\t\t\t\t\t\t\t<\/div>\n\t\t\t\t<\/div>\n\t\t\t\t\t<\/div>\n\t\t\t\t<\/div>\n\t\t\t\t<\/div>\n\t\t","protected":false},"excerpt":{"rendered":"<p>Kad pro\u0111e sve Samo da si posle svega dobroJa jo\u0161 uvek \u010duvam u sebiOno \u0161to ti nikad nisam daoI \u0161to rekao ti nisam, ne bledi[Pred-Refren]Da je ljubav to, to, toNe, ja nisam tada videoOd onog dana kad umro sam u tebiVi\u0161e nisam se ni rodio[Refren]Kad pro\u0111e sve, kad odu sviJa \u0107u te zvati, Ja \u0107u [&hellip;]<\/p>\n","protected":false},"author":1,"featured_media":0,"parent":0,"menu_order":0,"comment_status":"closed","ping_status":"closed","template":"","meta":{"opb_popup_content":"Popup Content","ocean_post_layout":"","ocean_both_sidebars_style":"","ocean_both_sidebars_content_width":0,"ocean_both_sidebars_sidebars_width":0,"ocean_sidebar":"","ocean_second_sidebar":"","ocean_disable_margins":"enable","ocean_add_body_class":"","ocean_shortcode_before_top_bar":"","ocean_shortcode_after_top_bar":"","ocean_shortcode_before_header":"","ocean_shortcode_after_header":"","ocean_has_shortcode":"","ocean_shortcode_after_title":"","ocean_shortcode_before_footer_widgets":"","ocean_shortcode_after_footer_widgets":"","ocean_shortcode_before_footer_bottom":"","ocean_shortcode_after_footer_bottom":"","ocean_display_top_bar":"default","ocean_display_header":"default","ocean_header_style":"","ocean_center_header_left_menu":"","ocean_custom_header_template":"","ocean_custom_logo":0,"ocean_custom_retina_logo":0,"ocean_custom_logo_max_width":0,"ocean_custom_logo_tablet_max_width":0,"ocean_custom_logo_mobile_max_width":0,"ocean_custom_logo_max_height":0,"ocean_custom_logo_tablet_max_height":0,"ocean_custom_logo_mobile_max_height":0,"ocean_header_custom_menu":"","ocean_menu_typo_font_family":"","ocean_menu_typo_font_subset":"","ocean_menu_typo_font_size":0,"ocean_menu_typo_font_size_tablet":0,"ocean_menu_typo_font_size_mobile":0,"ocean_menu_typo_font_size_unit":"px","ocean_menu_typo_font_weight":"","ocean_menu_typo_font_weight_tablet":"","ocean_menu_typo_font_weight_mobile":"","ocean_menu_typo_transform":"","ocean_menu_typo_transform_tablet":"","ocean_menu_typo_transform_mobile":"","ocean_menu_typo_line_height":0,"ocean_menu_typo_line_height_tablet":0,"ocean_menu_typo_line_height_mobile":0,"ocean_menu_typo_line_height_unit":"","ocean_menu_typo_spacing":0,"ocean_menu_typo_spacing_tablet":0,"ocean_menu_typo_spacing_mobile":0,"ocean_menu_typo_spacing_unit":"","ocean_menu_link_color":"","ocean_menu_link_color_hover":"","ocean_menu_link_color_active":"","ocean_menu_link_background":"","ocean_menu_link_hover_background":"","ocean_menu_link_active_background":"","ocean_menu_social_links_bg":"","ocean_menu_social_hover_links_bg":"","ocean_menu_social_links_color":"","ocean_menu_social_hover_links_color":"","ocean_disable_title":"default","ocean_disable_heading":"default","ocean_post_title":"","ocean_post_subheading":"","ocean_post_title_style":"","ocean_post_title_background_color":"","ocean_post_title_background":0,"ocean_post_title_bg_image_position":"","ocean_post_title_bg_image_attachment":"","ocean_post_title_bg_image_repeat":"","ocean_post_title_bg_image_size":"","ocean_post_title_height":0,"ocean_post_title_bg_overlay":0.5,"ocean_post_title_bg_overlay_color":"","ocean_disable_breadcrumbs":"default","ocean_breadcrumbs_color":"","ocean_breadcrumbs_separator_color":"","ocean_breadcrumbs_links_color":"","ocean_breadcrumbs_links_hover_color":"","ocean_display_footer_widgets":"default","ocean_display_footer_bottom":"default","ocean_custom_footer_template":"","ofc_enable_fullscreen":"disable","ofc_fullscreen_speed":0,"ofc_fullscreen_nav":"enable","ofc_fullscreen_nav_pos":"right","ofc_fullscreen_nav_color":"","ofc_fullscreen_nav_tooltip_color":"","ofc_fullscreen_responsive":0,"osh_disable_topbar_sticky":"default","osh_disable_header_sticky":"default","osh_sticky_header_style":"default","osh_sticky_header_effect":"","osh_custom_sticky_logo":0,"osh_custom_retina_sticky_logo":0,"osh_custom_sticky_logo_height":0,"osh_background_color":"","osh_links_color":"","osh_links_hover_color":"","osh_links_active_color":"","osh_links_bg_color":"","osh_links_hover_bg_color":"","osh_links_active_bg_color":"","osh_menu_social_links_color":"","osh_menu_social_hover_links_color":"","footnotes":""},"class_list":["post-2352","page","type-page","status-publish","hentry","entry"],"_links":{"self":[{"href":"https:\/\/www.maticsasa.com\/wps\/wp-json\/wp\/v2\/pages\/2352","targetHints":{"allow":["GET"]}}],"collection":[{"href":"https:\/\/www.maticsasa.com\/wps\/wp-json\/wp\/v2\/pages"}],"about":[{"href":"https:\/\/www.maticsasa.com\/wps\/wp-json\/wp\/v2\/types\/page"}],"author":[{"embeddable":true,"href":"https:\/\/www.maticsasa.com\/wps\/wp-json\/wp\/v2\/users\/1"}],"replies":[{"embeddable":true,"href":"https:\/\/www.maticsasa.com\/wps\/wp-json\/wp\/v2\/comments?post=2352"}],"version-history":[{"count":4,"href":"https:\/\/www.maticsasa.com\/wps\/wp-json\/wp\/v2\/pages\/2352\/revisions"}],"predecessor-version":[{"id":2360,"href":"https:\/\/www.maticsasa.com\/wps\/wp-json\/wp\/v2\/pages\/2352\/revisions\/2360"}],"wp:attachment":[{"href":"https:\/\/www.maticsasa.com\/wps\/wp-json\/wp\/v2\/media?parent=2352"}],"curies":[{"name":"wp","href":"https:\/\/api.w.org\/{rel}","templated":true}]}}