{"id":970,"date":"2017-12-04T23:21:38","date_gmt":"2017-12-04T23:21:38","guid":{"rendered":"https:\/\/www.maticsasa.com\/wps\/ne-ocekuj-nista\/"},"modified":"2025-03-30T16:49:22","modified_gmt":"2025-03-30T14:49:22","slug":"ne-ocekuj-nista","status":"publish","type":"page","link":"https:\/\/www.maticsasa.com\/wps\/ne-ocekuj-nista\/","title":{"rendered":"Ne o\u010dekuj ni\u0161ta"},"content":{"rendered":"\t\t<div data-elementor-type=\"wp-page\" data-elementor-id=\"970\" class=\"elementor elementor-970\">\n\t\t\t\t<div class=\"elementor-element elementor-element-6b7c925e e-flex e-con-boxed e-con e-parent\" data-id=\"6b7c925e\" data-element_type=\"container\" data-e-type=\"container\" data-settings=\"{&quot;background_background&quot;:&quot;classic&quot;}\">\n\t\t\t\t\t<div class=\"e-con-inner\">\n\t\t\t\t<div class=\"elementor-element elementor-element-c0e8de1 elementor-widget elementor-widget-video\" data-id=\"c0e8de1\" data-element_type=\"widget\" data-e-type=\"widget\" data-settings=\"{&quot;youtube_url&quot;:&quot;https:\\\/\\\/www.youtube.com\\\/watch?v=cm-DHJK7tpY&quot;,&quot;video_type&quot;:&quot;youtube&quot;,&quot;controls&quot;:&quot;yes&quot;}\" data-widget_type=\"video.default\">\n\t\t\t\t<div class=\"elementor-widget-container\">\n\t\t\t\t\t\t\t<div class=\"elementor-wrapper elementor-open-inline\">\n\t\t\t<div class=\"elementor-video\"><\/div>\t\t<\/div>\n\t\t\t\t\t\t<\/div>\n\t\t\t\t<\/div>\n\t\t\t\t<div class=\"elementor-element elementor-element-2b947a4 elementor-widget elementor-widget-heading\" data-id=\"2b947a4\" data-element_type=\"widget\" data-e-type=\"widget\" data-widget_type=\"heading.default\">\n\t\t\t\t<div class=\"elementor-widget-container\">\n\t\t\t\t\t<h2 class=\"elementor-heading-title elementor-size-default\">Ne o\u010dekuj ni\u0161ta<\/h2>\t\t\t\t<\/div>\n\t\t\t\t<\/div>\n\t\t\t\t<div class=\"elementor-element elementor-element-d0032e7 elementor-widget elementor-widget-text-editor\" data-id=\"d0032e7\" data-element_type=\"widget\" data-e-type=\"widget\" data-widget_type=\"text-editor.default\">\n\t\t\t\t<div class=\"elementor-widget-container\">\n\t\t\t\t\t\t\t\t\t<p>Kad ovo ve\u010de<br \/>iza sebe ostavim<br \/>sve \u0161to je bilo<br \/>ja \u0107u da zaboravim.<\/p><p>Bilo pa pro\u0161lo, tako shvati<br \/>nikad me vi\u0161e nemoj zvati<br \/>poruke ne \u0161alji<br \/>\u010dekanje se sa mnom ne isplati.<\/p><p>Ref.<\/p><p>Ne o\u010dekuj ni\u0161ta<br \/>ni prema meni nisu fer<br \/>pomiri se sa tim<\/p><p>Kako biti \u010dovek<br \/>kad jednom rane te ko zver<br \/>I onda ode\u0161 s njim<\/p><p>Svaki je bol sebi\u010dan, znaj<br \/>ne marim ja za tvoj ose\u0107aj<br \/>nisam ni tvoj, nisam ni njen<br \/>prevare nema kad si prevaren<\/p><p>II<\/p><p>Baci u vodu<br \/>sve \u0161to sam govorio<br \/>ni deo srca moga<br \/>nisam ti otvorio<\/p><p>Bilo pa pro\u0161lo, tako shvati<br \/>nikad me vi\u0161e nemoj zvati<br \/>poruke ne \u0161alji<br \/>\u010dekanje se sa mnom ne isplati<\/p><p>Ref.<\/p><p>Ne o\u010dekuj ni\u0161ta<br \/>ni prema meni nisu fer<br \/>pomiri se sa tim<\/p><p>Kako biti \u010dovek<br \/>kad jednom rane te ko zver<br \/>I onda ode\u0161 s njim<\/p><p>Svaki je bol sebi\u010dan, znaj<br \/>ne marim ja za tvoj ose\u0107aj<br \/>nisam ni tvoj, nisam ni njen<br \/>prevare nema kad si prevaren.<\/p><p>Music: Damir Handanovi\u0107<br \/>Lyrics: Marina Tucakovi\u0107\u00a0 \u00a0<br \/>Arr: Damir Handanovi\u0107 \u00a0<\/p><p>Album: Ne bih ni\u0161ta menjao<br \/>Released: 04.12.2017.<\/p>\t\t\t\t\t\t\t\t<\/div>\n\t\t\t\t<\/div>\n\t\t\t\t\t<\/div>\n\t\t\t\t<\/div>\n\t\t\t\t<\/div>\n\t\t","protected":false},"excerpt":{"rendered":"<p>Ne o\u010dekuj ni\u0161ta Kad ovo ve\u010deiza sebe ostavimsve \u0161to je biloja \u0107u da zaboravim. Bilo pa pro\u0161lo, tako shvatinikad me vi\u0161e nemoj zvatiporuke ne \u0161alji\u010dekanje se sa mnom ne isplati. Ref. Ne o\u010dekuj ni\u0161tani prema meni nisu ferpomiri se sa tim Kako biti \u010dovekkad jednom rane te ko zverI onda ode\u0161 s njim Svaki je [&hellip;]<\/p>\n","protected":false},"author":1,"featured_media":0,"parent":0,"menu_order":16,"comment_status":"closed","ping_status":"closed","template":"","meta":{"opb_popup_content":"Popup Content","ocean_post_layout":"","ocean_both_sidebars_style":"","ocean_both_sidebars_content_width":0,"ocean_both_sidebars_sidebars_width":0,"ocean_sidebar":"","ocean_second_sidebar":"","ocean_disable_margins":"enable","ocean_add_body_class":"","ocean_shortcode_before_top_bar":"","ocean_shortcode_after_top_bar":"","ocean_shortcode_before_header":"","ocean_shortcode_after_header":"","ocean_has_shortcode":"","ocean_shortcode_after_title":"","ocean_shortcode_before_footer_widgets":"","ocean_shortcode_after_footer_widgets":"","ocean_shortcode_before_footer_bottom":"","ocean_shortcode_after_footer_bottom":"","ocean_display_top_bar":"default","ocean_display_header":"default","ocean_header_style":"","ocean_center_header_left_menu":"","ocean_custom_header_template":"","ocean_custom_logo":0,"ocean_custom_retina_logo":0,"ocean_custom_logo_max_width":0,"ocean_custom_logo_tablet_max_width":0,"ocean_custom_logo_mobile_max_width":0,"ocean_custom_logo_max_height":0,"ocean_custom_logo_tablet_max_height":0,"ocean_custom_logo_mobile_max_height":0,"ocean_header_custom_menu":"","ocean_menu_typo_font_family":"","ocean_menu_typo_font_subset":"","ocean_menu_typo_font_size":0,"ocean_menu_typo_font_size_tablet":0,"ocean_menu_typo_font_size_mobile":0,"ocean_menu_typo_font_size_unit":"px","ocean_menu_typo_font_weight":"","ocean_menu_typo_font_weight_tablet":"","ocean_menu_typo_font_weight_mobile":"","ocean_menu_typo_transform":"","ocean_menu_typo_transform_tablet":"","ocean_menu_typo_transform_mobile":"","ocean_menu_typo_line_height":0,"ocean_menu_typo_line_height_tablet":0,"ocean_menu_typo_line_height_mobile":0,"ocean_menu_typo_line_height_unit":"","ocean_menu_typo_spacing":0,"ocean_menu_typo_spacing_tablet":0,"ocean_menu_typo_spacing_mobile":0,"ocean_menu_typo_spacing_unit":"","ocean_menu_link_color":"","ocean_menu_link_color_hover":"","ocean_menu_link_color_active":"","ocean_menu_link_background":"","ocean_menu_link_hover_background":"","ocean_menu_link_active_background":"","ocean_menu_social_links_bg":"","ocean_menu_social_hover_links_bg":"","ocean_menu_social_links_color":"","ocean_menu_social_hover_links_color":"","ocean_disable_title":"default","ocean_disable_heading":"default","ocean_post_title":"","ocean_post_subheading":"","ocean_post_title_style":"","ocean_post_title_background_color":"","ocean_post_title_background":0,"ocean_post_title_bg_image_position":"","ocean_post_title_bg_image_attachment":"","ocean_post_title_bg_image_repeat":"","ocean_post_title_bg_image_size":"","ocean_post_title_height":0,"ocean_post_title_bg_overlay":0.5,"ocean_post_title_bg_overlay_color":"","ocean_disable_breadcrumbs":"default","ocean_breadcrumbs_color":"","ocean_breadcrumbs_separator_color":"","ocean_breadcrumbs_links_color":"","ocean_breadcrumbs_links_hover_color":"","ocean_display_footer_widgets":"default","ocean_display_footer_bottom":"default","ocean_custom_footer_template":"","ofc_enable_fullscreen":"disable","ofc_fullscreen_speed":0,"ofc_fullscreen_nav":"enable","ofc_fullscreen_nav_pos":"right","ofc_fullscreen_nav_color":"","ofc_fullscreen_nav_tooltip_color":"","ofc_fullscreen_responsive":0,"osh_disable_topbar_sticky":"default","osh_disable_header_sticky":"default","osh_sticky_header_style":"default","osh_sticky_header_effect":"","osh_custom_sticky_logo":0,"osh_custom_retina_sticky_logo":0,"osh_custom_sticky_logo_height":0,"osh_background_color":"","osh_links_color":"","osh_links_hover_color":"","osh_links_active_color":"","osh_links_bg_color":"","osh_links_hover_bg_color":"","osh_links_active_bg_color":"","osh_menu_social_links_color":"","osh_menu_social_hover_links_color":"","footnotes":""},"class_list":["post-970","page","type-page","status-publish","hentry","entry"],"_links":{"self":[{"href":"https:\/\/www.maticsasa.com\/wps\/wp-json\/wp\/v2\/pages\/970","targetHints":{"allow":["GET"]}}],"collection":[{"href":"https:\/\/www.maticsasa.com\/wps\/wp-json\/wp\/v2\/pages"}],"about":[{"href":"https:\/\/www.maticsasa.com\/wps\/wp-json\/wp\/v2\/types\/page"}],"author":[{"embeddable":true,"href":"https:\/\/www.maticsasa.com\/wps\/wp-json\/wp\/v2\/users\/1"}],"replies":[{"embeddable":true,"href":"https:\/\/www.maticsasa.com\/wps\/wp-json\/wp\/v2\/comments?post=970"}],"version-history":[{"count":3,"href":"https:\/\/www.maticsasa.com\/wps\/wp-json\/wp\/v2\/pages\/970\/revisions"}],"predecessor-version":[{"id":2241,"href":"https:\/\/www.maticsasa.com\/wps\/wp-json\/wp\/v2\/pages\/970\/revisions\/2241"}],"wp:attachment":[{"href":"https:\/\/www.maticsasa.com\/wps\/wp-json\/wp\/v2\/media?parent=970"}],"curies":[{"name":"wp","href":"https:\/\/api.w.org\/{rel}","templated":true}]}}